64.
264
Calculate the highest common divisor of 328952 and 884.
52
Calculate the greatest common divisor of 57128 and 101195111.
7141
Calculate the greatest common divisor of 462088 and 65549.
649
Calculate the highest common divisor of 367587 and 152944.
869
Calculate the greatest common factor of 1897 and 2072879.
271
Calculate the greatest common factor of 1470 and 2810374.
14
Calculate the greatest common divisor of 24079 and 26983.
121
What is the greatest common divisor of 29115480 and 160?
40
What is the greatest common factor of 1007160 and 999460?
1540
What is the highest common divisor of 2302570 and 8060?
10
What is the greatest common factor of 71521 and 28331981?
1933
What is the highest common factor of 21320537 and 13247?
1019
What is the greatest common divisor of 373 and 1701686053?
373
What is the highest common factor of 78003 and 919665?
963
What is the highest common divisor of 122419 and 2773012?
341
Calculate the highest common factor of 6001963 and 121.
121
What is the highest common factor of 37 and 593491544?
37
Calculate the greatest common factor of 3264 and 439042.
34
What is the highest common divisor of 49344 and 29472?
96
What is the greatest common factor of 9531549 and 18?
9
Calculate the greatest common factor of 50684242 and 357.
119
What is the highest common factor of 12596 and 2503972?
188
What is the greatest common divisor of 897094 and 295482?
2662
What is the highest common factor of 162 and 437646?
6
What is the greatest common divisor of 703685 and 283475?
3335
What is the highest common factor of 8268 and 381179604?
8268
Calculate the greatest common divisor of 791721 and 224259.
1239
Calculate the greatest common divisor of 117932409 and 587.
587
Calculate the greatest common divisor of 18123 and 59465.
7
Calculate the greatest common divisor of 43436602 and 22.
22
Calculate the greatest common factor of 14608250 and 1562.
142
What is the greatest common divisor of 918901 and 60877?
17
Calculate the greatest common divisor of 969360 and 1540.
140
Calculate the greatest common divisor of 36588 and 348619611.
9147
Calculate the highest common divisor of 79400 and 11563022.
794
Calculate the greatest common divisor of 667140 and 30660.
60
What is the greatest common factor of 56798 and 1085?
7
Calculate the highest common factor of 3947864 and 64024.
424
Calculate the highest common factor of 7191 and 1077851.
799
Calculate the highest common factor of 2976 and 28026976.
992
What is the greatest common factor of 18071125 and 250?
125
Calculate the highest common factor of 11736872 and 1176.
392
What is the greatest common factor of 1192 and 249517784?
1192
What is the highest common factor of 1032 and 325800?
24
What is the highest common divisor of 3238872 and 11634?
42
What is the greatest common divisor of 1812 and 2795196?
12
Calculate the greatest common divisor of 657756 and 2579841.
1089
Calculate the greatest common factor of 2594602 and 5358.
38
What is the highest common factor of 171072 and 1144476?
108
What is the greatest common divisor of 773277678 and 1796?
898
Calculate the highest common factor of 225932 and 189616.
28
Calculate the greatest common factor of 388549 and 389730.
1181
Calculate the greatest common factor of 7 and 204331.
1
Calculate the greatest common factor of 6 and 12231399.
3
What is the highest common factor of 35919 and 2088684?
117
What is the highest common factor of 34339732 and 112?
28
Calculate the greatest common divisor of 844660 and 6213900.
5380
Calculate the greatest common divisor of 2990130 and 294.
6
Calculate the greatest common divisor of 15062 and 16388.
34
Calculate the greatest common divisor of 26150 and 280443060.
5230
Calculate the greatest common divisor of 141092705 and 325.
65
Calculate the greatest common factor of 8192848 and 928.
464
Calculate the highest common divisor of 36 and 153958446.
18
What is the highest common factor of 111197 and 12289062?
3587
Calculate the greatest common divisor of 46825762 and 10.
2
What is the highest common factor of 147 and 19452363?
147
What is the highest common factor of 124 and 8640971?
31
Calculate the greatest common factor of 2806650 and 1267.
7
What is the highest common divisor of 252133 and 52337?
199
Calculate the highest common factor of 88578 and 57988.
266
Calculate the greatest common divisor of 30 and 456834910.
10
Calculate the greatest common factor of 511964 and 4167868.
3436
What is the greatest common factor of 124371 and 5265?
117
What is the highest common divisor of 377514 and 15966?
18
What is the greatest common factor of 218180146 and 711?
79
What is the highest common divisor of 11508 and 158844?
84
What is the highest common divisor of 298 and 2305232640?
298
Calculate the highest common divisor of 4800 and 1339820.
20
Calculate the highest common factor of 1703908 and 356.
4
Calculate the greatest common factor of 807 and 288153069.
807
Calculate the greatest common factor of 12 and 108365332.
4
Calculate the greatest common divisor of 270 and 54593235.
45
Calculate the highest common factor of 2600 and 14496310.
10
What is the highest common factor of 2007653 and 1457?
31
Calculate the highest common divisor of 36 and 22949112.
12
Calculate the greatest common factor of 3024 and 34387920.
1008
Calculate the greatest common factor of 39807182 and 118.
118
Calculate the highest common factor of 42301155 and 268710.
10335
What is the greatest common factor of 3061 and 2448154129?
3061
Calculate the highest common divisor of 1542 and 25747802.
514
What is the greatest common divisor of 371800770 and 2310?
330
What is the greatest common factor of 532147 and 3927?
77
What is the highest common divisor of 208450592 and 448?
224
Calculate the highest common divisor of 3656 and 17712.
8
What is the highest common factor of 85 and 37980485?
5
What is the greatest common divisor of 95509 and 9089?
149
Calculate the highest common divisor of 2736 and 657844752.
912
Calculate the highest common divisor of 693 and 163518124.
77
Calculate the highest common factor of 65021 and 36977160.
2827
What is the greatest common divisor of 7763087 and 23281?
751
Calculate the greatest common factor of 360 and 11391570.
90
Calculate the greatest common factor of 72 and 214504.
8
What is the highest common divisor of 606096 and 6283?
61
Calculate the highest common factor of 118010649 and 111.
111
Calculate the greatest common divisor of 1463833 and 14.
7
What is the highest common factor of 1742380 and 9140?
20
Calculate the highest common factor of 13299375 and 12300.
3075
What is the highest common divisor of 13 and 95885309?
13
What is the highest common factor of 1860043 and 589?
19
Calculate the highest common factor of 5152 and 6260968.
1288
Calculate the greatest common factor of 382617 and 99.
9
What is the greatest common divisor of 2077 and 188077?
31
What is the greatest common divisor of 2374 and 43886?
2
Calculate the greatest common divisor of 8126112 and 7332.
564
What is the highest common divisor of 648180738 and 67696?
8462
What is the greatest common divisor of 2860605 and 330?
165
Calculate the greatest common factor of 8100657 and 538617.
3567
Calculate the highest common divisor of 2857696 and 32.
32
Calculate the highest common divisor of 8 and 27722048.
8
What is the highest common factor of 225650 and 59050?
50
Calculate the greatest common divisor of 393666699 and 2868.
717
What is the greatest common factor of 199927 and 8433607?
1183
Calculate the highest common factor of 145187 and 22442.
49
What is the highest common divisor of 5521012 and 92?
92
Calculate the greatest common divisor of 36716560 and 160.
80
What is the highest common factor of 641136 and 11324?
76
Calculate the highest common divisor of 123623 and 120003.
181
What is the highest common divisor of 326 and 1315455640?
326
What is the greatest common divisor of 26242560 and 1120?
160
What is the highest common divisor of 95586861 and 1546?
773
Calculate the highest common factor of 588 and 2577414.
42
Calculate the highest common factor of 525675 and 69660.
645
Calculate the highest common divisor of 2884850 and 1.
1
Calculate the greatest common divisor of 310534 and 3423.
7
What is the greatest co